
1125452012
What is 42413 (base 8) in base 7?
102350
Convert -33452004 (base 6) to base 7.
-11436223
Convert -120221220200 (base 3) to base 6.
-10422200
21617 (base 10) to base 14
7c41
What is 12000110121 (base 3) in base 7?
560626
Convert 652303 (base 7) to base 2.
11011110000010011
531108 (base 10) to base 15
a7573
What is -891a8 (base 13) in base 16?
-3caf8
What is 1113320413 (base 5) in base 16?
25d57b
-452215024 (base 6) to base 2
-11111011001001000011000
What is 249a20 (base 16) in base 8?
11115040
8a79 (base 14) to base 13
ac18
-1002211001 (base 3) to base 13
-9b80
Convert -862257 (base 10) to base 3.
-1121210210110
What is -111330130233 (base 4) in base 11?
-327a038
What is -1404346 (base 7) in base 13?
-66b1a
Convert 22255242 (base 6) to base 16.
a522a
What is 38e8d0 (base 16) in base 3?
21000111001221
Convert 19d3c (base 14) to base 15.
1470e
Convert -89605 (base 10) to base 12.
-43a31
13232303313 (base 4) to base 8
7566367
Convert -9bede (base 16) to base 3.
-1012110010001
Convert -7506aa5 (base 11) to base 2.
-110010011010011100000101
Convert -120130003 (base 4) to base 5.
-11200344
What is -2eb54 (base 16) in base 8?
-565524
3421233 (base 5) to base 2
1110110110010010
3703386 (base 10) to base 6
211213150
Convert 1155135 (base 6) to base 3.
10011010012
244211403 (base 5) to base 15
17ea6d
3003113 (base 4) to base 16
30d7
28a671 (base 12) to base 10
681781
Convert 11101110000000110 (base 2) to base 14.
325a6
What is -657a18 (base 13) in base 12?
-9718b1
What is -1461162 (base 8) in base 16?
-66272
Convert 1698776 (base 10) to base 8.
6365730
-110212022011 (base 3) to base 14
-683a7
Convert -2ba1d (base 16) to base 8.
-535035
Convert -1000100000101001001111 (base 2) to base 6.
-115452023
Convert 217790 (base 14) to base 15.
176365
-1000001101010101 (base 2) to base 6
-415353
Convert 9dd79c (base 14) to base 8.
24405756
What is -2a5f2 (base 16) in base 8?
-522762
65b7a4 (base 16) to base 2
11001011011011110100100
-6902926 (base 10) to base 3
-110222201000221
What is -7477677 (base 9) in base 13?
-aa4328
1030244 (base 7) to base 16
1e836
What is 9062 (base 10) in base 2?
10001101100110
-2612615 (base 7) to base 12
-1445a5
Convert 8262ad (base 14) to base 2.
10000110001010110010001
Convert -6a419 (base 16) to base 11.
-277a9a
Convert 170052 (base 9) to base 2.
11001101000111111
Convert 1511332 (base 6) to base 14.
23aac
3413142402 (base 5) to base 7
121124656
What is -165aa3 (base 11) in base 9?
-431326
Convert -1100202304 (base 5) to base 10.
-2350329
Convert 647767 (base 8) to base 13.
77a65
-120302023223 (base 4) to base 2
-11000110010001011101011
What is -10001001111011100 (base 2) in base 10?
-70620
Convert b3151 (base 16) to base 8.
2630521
101011001011101010 (base 2) to base 3
22222121220
-21140334 (base 5) to base 2
-101011010110111010
93a6ba (base 14) to base 3
100101020101001
Convert -2193989 (base 10) to base 2.
-1000010111101001000101
What is e1660c (base 16) in base 3?
1000210110222220
-24c8843 (base 14) to base 8
-103400333
-11113301 (base 4) to base 11
-15591
7903ab (base 12) to base 5
443212021
-2d81d6 (base 16) to base 6
-143531114
-13a3909 (base 12) to base 11
-2255a32
Convert -13645115 (base 9) to base 12.
-2320b42
What is 149602 (base 15) in base 10?
993602
-752608 (base 9) to base 11
-286734
-222b4 (base 15) to base 4
-122201023
77b5b (base 14) to base 12
120045
What is -eb11 (base 16) in base 13?
-21510
Convert -68b95c (base 15) to base 16.
-4c4d27
Convert 121300201 (base 4) to base 12.
51081
-332399 (base 10) to base 4
-1101021233
Convert -44ebb (base 15) to base 3.
-102010212012
Convert -623371 (base 8) to base 5.
-23102320
Convert -102021122221 (base 3) to base 16.
-36394
-14054120 (base 6) to base 3
-220002010210
Convert 111101001001001 (base 2) to base 12.
16149
Convert -2000323331 (base 4) to base 8.
-2007375
Convert 10245364 (base 9) to base 7.
56625562
-350054442 (base 6) to base 16
-625bda
What is -7016c (base 13) in base 15?
-3e4ab
111000010100011010 (base 2) to base 3
102201102210
1224112401 (base 5) to base 13
7c704c
Convert 10022141 (base 5) to base 11.
54949
Convert -41101556 (base 7) to base 8.
-15051611
Convert -7a398 (base 13) to base 11.
-14220a
Convert 2bca1 (base 14) to base 8.
325705
-12b8004 (base 13) to base 15
-7b874b
-30331 (base 4) to base 15
-3a4
312741 (base 10) to base 13
ac470
Convert 202123223 (base 5) to base 3.
1112112010212
Convert -31871 (base 11) to base 8.
-132334
What is 16774502 (base 10) in base 3?
1011120020021212
What is 1042645 (base 7) in base 4?
133110022
-1001010100100010010010 (base 2) to base 16
-254892
What is -1122131212 (base 4) in base 5?
-43324114
-336253 (base 10) to base 12
-142711
What is -21404100 (base 7) in base 4?
-12333212220
What is 4304493 (base 10) in base 16?
41ae6d
What is -1058621 (base 9) in base 11?
-35a762
Convert -1ca335 (base 14) to base 15.
-1543e6
Convert -200202112 (base 3) to base 11.
-a303
Convert 14114123 (base 7) to base 15.
1ae875
Convert -100000001010100001110000 (base 2) to base 15.
-b18453
16345382 (base 9) to base 8
37146430
15597a4 (base 14) to base 5
10132440243
23022043 (base 5) to base 13
721c2
377452 (base 9) to base 8
676304
What is -23899 (base 12) in base 6?
-1005513
-131200330232 (base 4) to base 6
-433500022
15330838 (base 9) to base 5
3423401222
Convert 5520520 (base 6) to base 7.
2223405
Convert 9a6d5 (base 16) to base 8.
2323325
Convert 201266 (base 8) to base 13.
241b8
Convert 1871d (base 15) to base 14.
20c32
-64498 (base 11) to base 16
-16e41
-146526526 (base 7) to base 11
-5621a85
Convert 4b09c (base 15) to base 8.
724234
What is 2401235 (base 6) in base 5?
12442402
-221120101021 (base 3) to base 5
-112101122
-10167747 (base 9) to base 3
-100012021211121
-45211 (base 11) to base 10
-65473
What is 112021012021 (base 3) in base 10?
280807
Convert -181718 (base 13) to base 5.
-123300212
2a53a50 (base 11) to base 2
10011111101010111011111
What is -10405431 (base 7) in base 13?
-253437
Convert 105912 (base 10) to base 2.
11001110110111000
958717 (base 12) to base 8
10775403
-135325 (base 7) to base 3
-1022111221
Convert -36aa9 (base 13) to base 4.
-120211112
Convert -6c3c (base 15) to base 16.
-59df
Convert 252050403 (base 6) to base 2.
10010100010001111100011
Convert -1403141122 (base 5) to base 9.
-6637683
-2100264 (base 7) to base 9
-424016
-43d268 (base 15) to base 4
-30111200012
Convert 9718714 (base 10) to base 8.
45045672
Convert -146602 (base 7) to base 10.
-28765
-1101011100001000110110 (base 2) to base 3
-20121222211011
Convert -201021011021 (base 3) to base 10.
-379195
What is -206528 (base 9) in base 7?
-1021214
What is 2b11743 (base 12) in base 14?
1234643
-52ab85 (base 13) to base 9
-3572705
-1410144 (base 7) to base 3
-100112000020
What is -10000111100000010110000 (base 2) in base 6?
-235100400
Convert -566d6 (base 16) to base 8.
-1263326
6b399 (base 12) to base 11
99195
What is -211202032 (base 4) in base 12?
-74b7a
-1395a73 (base 11) to base 3
-11111122112112
What is 552747 (base 10) in base 15?
adb9c
-10100101100100100 (base 2) to base 10
-84772
Convert -34209 (base 12) to base 8.
-207451
-130340031 (base 5) to base 11
-3a5562
What is 1223360 (base 7) in base 8?
463143
What is -323044 (base 9) in base 13?
-69805
-42552b (base 16) to base 6
-233101455
22130003311 (base 4) to base 2
1010011100000011110101
What is -1017185 (base 9) in base 15?
-aae78
Convert -100231102303 (base 4) to base 6.
-233512551
Convert -11de2ee (base 15) to base 3.
-220012011011222
Convert 1340613 (base 9) to base 12.
2b5656
Convert -12021202221 (base 3) to base 10.
-104083
1552090 (base 11) to base 8
12075156
What is 60a49 (base 11) in base 16?
15c15
39015 (base 11) to base 13
1c5b5
21316c (base 14) to base 10
1122588
What is 17142657 (base 8) in base 15?
53a12c
-72137 (base 11) to base 8
-315536
What is -21000200201 (base 3) in base 9?
-230621
What is 100011001010110001010111 (base 2) in base 13?
1baa331
415414041 (base 6) to base 16
6edac9
-11010101001100000101 (base 2) to base 16
-d5305
What is 111301223302 (base 4) in base 15?
77b63a
24504505 (base 9) to base 4
231233110001
What is -32743162 (base 8) in base 6?
-411215442
What is 2155660 (base 11) in base 14?
707449
Convert -4253244 (base 6) to base 3.
-101122020201
What